?
3
Let r = 151 - -1. What is the tens digit of r?
5
Let a(n) = n - 1. Let l be a(-1). Let t be 61 - (-4)/l*-1. Suppose 3*g + t = 2*k + 8, 5*k - 132 = 2*g. What is the tens digit of k?
2
Let v = 12 + -9. Suppose z - 5*m - 38 = 0, -2*z + v*m = 3*z - 102. Let o = 5 + z. What is the units digit of o?
3
Let g = -537 - -827. What is the hundreds digit of g?
2
Let k be (9/27)/(1/(-69)). Let r = k + 32. Suppose l - r = 3. What is the units digit of l?
2
Let c(h) = 684*h - 8. What is the hundreds digit of c(1)?
6
What is the hundreds digit of (-10)/(-25)*(4994/4 + -1)?
4
Let h(k) = 7*k**3 + 2*k**2 + 2*k - 31. What is the units digit of h(5)?
4
Let m(x) = x**3 + 10*x**2 + 2*x + 3. Let b be m(-7). Let z = -85 + b. What is the units digit of z?
1
Suppose 834 = m - 2*c - c, 5*c - 5 = 0. What is the units digit of m?
7
Let w = -989 - -1025. What is the tens digit of w?
3
Let g(p) = p**2 - 10*p. Let u be g(10). Suppose u = -3*i - i + 3*k + 145, 2*i + 4*k - 78 = 0. What is the tens digit of i?
3
Suppose 2*p - 1398 = -28*d + 25*d, -3*p + d + 2075 = 0. What is the hundreds digit of p?
6
Suppose k = -86 + 83. What is the units digit of 65 + k/(-1 + -2) - 0?
6
Let v = 966 - 444. What is the tens digit of v?
2
Let y be (16/(-3) - -3)/((-2)/12). Suppose -20*p + 84 = -y*p. What is the tens digit of p?
1
Let f(o) = o**3 - 6*o**2 + 3*o + 1. Let i be f(2). Let n(s) = s**2 - 2*s - 8. What is the units digit of n(i)?
1
Let a = -4690 + 10343. What is the thousands digit of a?
5
Let f(v) = v + 12. Let r be f(-12). Suppose r = 3*c - 15, 2*q + 53 = 4*c - 21. Let l = -11 - q. What is the tens digit of l?
1
Suppose 8*w + 2*w = 30. Suppose 0 = 5*s + 3*u - 320, -192 = -3*s - w*u + 4*u. What is the tens digit of s?
6
Suppose -9*i + 40 = -4*i. Suppose 5*r - z = 10, -3*z = r + r - 4. Suppose r*b = 12 + i. What is the units digit of b?
0
Let v(r) = -r**2 + 27*r + 10. Let u(j) = j**3 + 7*j**2 - 7*j - 28. Let a be u(-7). What is the hundreds digit of v(a)?
1
Suppose 5*w = w - 3*r - 37, 4*r = -12. Let q = w + 17. Let k = q - -42. What is the units digit of k?
2
Let t(k) = -9*k + 5. Let v(d) = d + 1. Let r be v(-3). What is the tens digit of t(r)?
2
Suppose -5*f - 4*h = 44, -2*f - 31 - 9 = -4*h. What is the units digit of (-1)/(-4) - 3/(f/403)?
1
Let s = 889 + -1292. What is the units digit of 2/13 - 14446/s?
6
Let j(s) = -s**3 + 33*s**2 - 50*s - 27. What is the hundreds digit of j(31)?
3
Let h(n) = 38*n**3 - 2*n**2 - n. Let m(f) = 2*f - 11. Let l be m(5). Let s be h(l). Let t = 67 + s. What is the units digit of t?
8
Suppose 2*w = -23 + 15, 4*x + 3*w = 5400. What is the hundreds digit of x?
3
What is the tens digit of (-16)/(-136) - 8666/(-34)?
5
Let d(y) = -y**3 + y**2 - 2*y + 1. What is the units digit of d(-2)?
7
Let m(v) = 6*v**2 + v. Let i = -5 + 4. Let u be m(i). Suppose 0*j - 3*j = -u*g + 7, 0 = -g + 3*j - 1. What is the units digit of g?
2
Let o(z) be the third derivative of -z**5/30 - 5*z**4/8 - 13*z**3/6 + 7*z**2. Let x be o(-6). Suppose -x*m + 228 = -2*m. What is the tens digit of m?
7
Let m = -80 + 82. Suppose 4*f + 3*z = z + 190, m*f + 3*z - 93 = 0. What is the tens digit of f?
4
Suppose m - 61 = 2*m. Let q = m + 8. Let h = -28 - q. What is the units digit of h?
5
Let l(z) = 3*z**3 + 10*z**2 - 41*z + 212. What is the units digit of l(6)?
4
Suppose 2*c + 4 = -0*c. Let l be (-3)/(3/c) + 4. Let t(w) = -w**2 + 10*w + 14. What is the units digit of t(l)?
8
Let a = 1 + 9. Let i(f) = -f**3 + 9*f**2 + 15*f - 2. Let j be i(a). Suppose c + 2*q = -0*c + 11, 4*q - j = -4*c. What is the tens digit of c?
1
What is the units digit of -2 + (-490)/(-3) + (-12)/(-18)?
2
Suppose 751*q - 3164 = 750*q. What is the units digit of q?
4
Suppose -46834 = -20*g - 674. What is the units digit of g?
8
Suppose 4 + 2 = 2*b. Suppose b*x + 24 = 7*x. Suppose -90 = -x*r + 78. What is the units digit of r?
8
Suppose -2*g - 12 = -5*o, 5 = -g + 4*o - 4. Let l(v) = -116*v + 9. What is the tens digit of l(g)?
2
Suppose 2*j + 42 = 46, 2*k + 3*j = 4002. What is the tens digit of k?
9
Let m = -390 - -786. Suppose -5*l + l = -2*p - 792, 2*l + 5*p = m. What is the hundreds digit of l?
1
Suppose 0 = 2*g - f + 3*f - 374, 20 = 5*f. Let b = -126 + g. What is the units digit of b?
7
Let p = -79 - -76. What is the hundreds digit of (1 - (-62 - p))/((-9)/(-30))?
2
What is the hundreds digit of 1823*(12 + -6 + -5)?
8
Suppose 0 = -4*r - 28. Let v(s) = 7*s + 14. Let x be v(r). Let n = 49 + x. What is the tens digit of n?
1
Let z(g) = 12*g + 190. What is the hundreds digit of z(22)?
4
Suppose -u = 5*v - 25, 2*v - 2*u - 28 = -6*u. Suppose -3*l - 3*d = -93, v*d - 91 = -3*l - 0*d. What is the units digit of 406/10 - l/55?
0
Let s(j) = j**3 - 4*j**2 - 6*j - 1. Let c be s(5). Let p(d) = d - 7*d - 33 + 22. What is the units digit of p(c)?
5
Let l be (20/4 - 3)*2. Let d = l - 1. What is the units digit of d?
3
Let x be (9/(-18) + 1)*0/1. Suppose 3*g - 1 = -7. What is the tens digit of 11 - (x - 2/g)?
1
Suppose 3*i - 2 = -4*j + 12, -j + 3*i + 11 = 0. Suppose 5*g - 279 = -t, 0 = -j*g - 5*t + 2*t + 277. What is the tens digit of g?
5
Let o(m) be the third derivative of 5*m**4/6 - 19*m**3/6 + m**2. What is the tens digit of o(3)?
4
Let n be (-48)/18*(-3)/2. Suppose -32 = n*m - 144. Suppose -5*y + 72 = -m. What is the units digit of y?
0
Let s = -288 - -1048. What is the units digit of s?
0
Suppose 2*q - x = 3*x + 16, 2 = 2*x. Let p be 1524/15 + (-6)/q. Let a = p + -64. What is the tens digit of a?
3
What is the units digit of 541 - (-3)/6*6?
4
Let f be (-560)/(-315) - 4/(-18). Suppose 0 = r + 3 + f, 0 = g - 5*r - 345. What is the tens digit of g?
2
Suppose 0 = -10*g + 11*g - 21. Let w = 23 + g. What is the units digit of w?
4
Let q(v) = -v**2 - 8*v + 10. Let i be q(-8). Suppose -3*s = -i*s + 133. Suppose 5*j - 2*c - 141 = 0, -37 = -2*j + c + s. What is the units digit of j?
9
Let s(a) = 3*a - 2. Let h be s(4). Let g = h + -2. What is the units digit of -6*4/g + 26?
3
Suppose 3*u - 260 = 3*q - 5318, -4*u = 2*q - 3378. What is the thousands digit of q?
1
Let c(l) = -l**2 - 26*l - 36. Let q(s) = -s**2 - 10*s + 2. Let u be q(2). What is the tens digit of c(u)?
5
Let h(l) = l**2 - 2*l - 112. Let b be h(18). Suppose -5*y + 15 = -0*y. Suppose -4*z + b = -4*o, -2*o - y*o - 175 = -4*z. What is the tens digit of z?
4
Let f = -33 + 29. What is the units digit of (-1 - 6/f - 0)*22?
1
Let o(b) = 26*b**2 + 3*b + 2. Suppose 3*l + 5 = -p, -2*l - 6 = 5*p + 6. What is the tens digit of o(l)?
2
Let z(d) = -2*d**3 - 21*d**2 + 4*d + 9. Let p(f) = -f**3 - 10*f**2 + 2*f + 4. Let o(g) = -5*p(g) + 2*z(g). Let r = -123 - -115. What is the units digit of o(r)?
4
Let s(w) = w**3 + 14*w**2 + 15*w + 24. Let z be s(-13). Let x(y) = -19*y**3 + 2*y**2 - 3*y - 3. What is the tens digit of x(z)?
6
Suppose -5*r - 2*r + 98 = 0. What is the tens digit of (8/(-6))/(r/(-903))?
8
Let i be (4/(-12))/((-3)/9). Suppose -5*t + 100 = -0*t. What is the tens digit of 19*i + t/(-10)?
1
Suppose -68*s + 63*s = 25. What is the units digit of -5 + (-1540)/(-5) - s?
8
Let o be (0/(-3) - -1)*3. Let u be (11 - -2) + (-6)/3. Suppose o = -w, 4*k - 122 = -3*w - u. What is the tens digit of k?
3
Let n be 5 + 0 + (-8 - -6). Suppose -37 = 4*y + n. Let g(l) = l**3 + 10*l**2 - l + 10. What is the units digit of g(y)?
0
Let k(w) = -16*w**3 - 11*w**2 - w + 23. What is the tens digit of k(-6)?
8
Suppose -12*z - 1108 = -14*z. What is the units digit of z?
4
What is the units digit of (-6)/4*24228/(-54)?
3
Let x = -20 + 22. What is the tens digit of (x + -4)*(-72)/4?
3
Suppose 816 + 878 = 2*n. What is the tens digit of n?
4
What is the tens digit of (396/27)/2*(1 + 656)?
1
Suppose 233*s = 226*s + 31318. What is the units digit of s?
4
Let j(x) be the second derivative of x**4/12 + 3*x**3/2 - x**2 + 5*x. Let h be j(-8). What is the units digit of (4/h)/(6/(-210))?
4
Let r(x) = -x**2 + x - 1. Let l(c) = -8*c**2 + 6*c + 31. Let y(f) = -l(f) + 5*r(f). What is the units digit of y(-5)?
4
What is the units digit of (-3)/2 - 3537/(-6)?
8
What is the hundreds digit of 6 - (-18991)/42 - 2/12?
4
Suppose 0*y - 52200 = -60*y. What is the units digit of y?
0
Suppose 0 = -78*q + 82*q - 72. Let j = 123 - q. What is the units digit of j?
5
Suppose 33*s + 33*s - 357918 = 0. What is the tens digit of s?
2
Let b(h) = 